rs of 573.
3, 191
List the prime factors of 2188.
2, 547
List the prime factors of 6431.
59, 109
What are the prime factors of 16969?
71, 239
List the prime factors of 13009.
13009
What are the prime factors of 810?
2, 3, 5
List the prime factors of 1829.
31, 59
What are the prime factors of 58933?
7, 8419
List the prime factors of 383.
383
What are the prime factors of 39109?
7, 37, 151
What are the prime factors of 1117?
1117
What are the prime factors of 36094?
2, 18047
What are the prime factors of 10525?
5, 421
What are the prime factors of 31883?
31883
What are the prime factors of 88741?
88741
What are the prime factors of 1076?
2, 269
What are the prime factors of 630?
2, 3, 5, 7
What are the prime factors of 2202?
2, 3, 367
What are the prime factors of 17041?
17041
List the prime factors of 2333.
2333
What are the prime factors of 134812?
2, 33703
List the prime factors of 50.
2, 5
What are the prime factors of 59570?
2, 5, 7, 23, 37
List the prime factors of 85629.
3, 17, 23, 73
What are the prime factors of 7149?
3, 2383
List the prime factors of 67945.
5, 107, 127
What are the prime factors of 27218?
2, 31, 439
What are the prime factors of 34186?
2, 17093
What are the prime factors of 3725?
5, 149
What are the prime factors of 1115?
5, 223
What are the prime factors of 1458?
2, 3
What are the prime factors of 3710?
2, 5, 7, 53
What are the prime factors of 297?
3, 11
List the prime factors of 9454.
2, 29, 163
What are the prime factors of 1692?
2, 3, 47
What are the prime factors of 912?
2, 3, 19
What are the prime factors of 3743?
19, 197
List the prime factors of 4719.
3, 11, 13
What are the prime factors of 391?
17, 23
List the prime factors of 9148.
2, 2287
List the prime factors of 23195.
5, 4639
What are the prime factors of 11667?
3, 3889
What are the prime factors of 195?
3, 5, 13
What are the prime factors of 95360?
2, 5, 149
What are the prime factors of 44098?
2, 17, 1297
List the prime factors of 10882.
2, 5441
List the prime factors of 42417.
3, 1571
List the prime factors of 2731.
2731
What are the prime factors of 36046?
2, 67, 269
List the prime factors of 11232.
2, 3, 13
What are the prime factors of 6420?
2, 3, 5, 107
List the prime factors of 327.
3, 109
List the prime factors of 73363.
73363
List the prime factors of 610.
2, 5, 61
List the prime factors of 1289.
1289
What are the prime factors of 161?
7, 23
What are the prime factors of 2453?
11, 223
List the prime factors of 22739.
22739
What are the prime factors of 19224?
2, 3, 89
What are the prime factors of 491?
491
What are the prime factors of 8742?
2, 3, 31, 47
What are the prime factors of 63867?
3, 61, 349
List the prime factors of 1950.
2, 3, 5, 13
What are the prime factors of 798?
2, 3, 7, 19
What are the prime factors of 51790?
2, 5, 5179
List the prime factors of 2915.
5, 11, 53
List the prime factors of 16448.
2, 257
List the prime factors of 6231.
3, 31, 67
What are the prime factors of 9678?
2, 3, 1613
List the prime factors of 27874.
2, 7, 11, 181
What are the prime factors of 3200?
2, 5
What are the prime factors of 147462?
2, 3, 7, 3511
What are the prime factors of 15871?
59, 269
List the prime factors of 5346.
2, 3, 11
List the prime factors of 496.
2, 31
List the prime factors of 54664.
2, 6833
What are the prime factors of 3130?
2, 5, 313
What are the prime factors of 6487?
13, 499
What are the prime factors of 135020?
2, 5, 43, 157
List the prime factors of 5199.
3, 1733
List the prime factors of 12457.
12457
What are the prime factors of 12391?
12391
What are the prime factors of 1338?
2, 3, 223
What are the prime factors of 29150?
2, 5, 11, 53
List the prime factors of 2777.
2777
List the prime factors of 21193.
21193
What are the prime factors of 4335?
3, 5, 17
What are the prime factors of 11289?
3, 53, 71
What are the prime factors of 388?
2, 97
List the prime factors of 2574.
2, 3, 11, 13
List the prime factors of 3562.
2, 13, 137
What are the prime factors of 7518?
2, 3, 7, 179
What are the prime factors of 22604?
2, 5651
What are the prime factors of 66409?
7, 53, 179
List the prime factors of 8684.
2, 13, 167
What are the prime factors of 771?
3, 257
What are the prime factors of 1549?
1549
What are the prime factors of 281?
281
What are the prime factors of 1629?
3, 181
List the prime factors of 32945.
5, 11, 599
What are the prime factors of 5597?
29, 193
List the prime factors of 1222.
2, 13, 47
List the prime factors of 29131.
29131
List the prime factors of 23350.
2, 5, 467
What are the prime factors of 2960?
2, 5, 37
What are the prime factors of 53140?
2, 5, 2657
List the prime factors of 27819.
3, 11, 281
What are the prime factors of 16519?
16519
What are the prime factors of 2393?
2393
List the prime factors of 41605.
5, 53, 157
List the prime factors of 2828.
2, 7, 101
What are the prime factors of 12690?
2, 3, 5, 47
What are the prime factors of 523?
523
What are the prime factors of 48736?
2, 1523
List the prime factors of 1127.
7, 23
What are the prime factors of 2644?
2, 661
What are the prime factors of 3823?
3823
What are the prime factors of 6296?
2, 787
List the prime factors of 9017.
71, 127
List the prime factors of 26789.
7, 43, 89
What are the prime factors of 579?
3, 193
List the prime factors of 20154.
2, 3, 3359
What are the prime factors of 56242?
2, 61, 461
What are the prime factors of 8767?
11, 797
What are the prime factors of 3361?
3361
List the prime factors of 869.
11, 79
List the prime factors of 529.
23
List the prime factors of 50208.
2, 3, 523
What are the prime factors of 7400?
2, 5, 37
What are the prime factors of 9102?
2, 3, 37, 41
List the prime factors of 3097.
19, 163
What are the prime factors of 114856?
2, 7, 293
List the prime factors of 6685.
5, 7, 191
What are the prime factors of 11724?
2, 3, 977
What are the prime factors of 1589?
7, 227
List the prime factors of 1457.
31, 47
List the prime factors of 700.
2, 5, 7
List the prime factors of 28793.
28793
List the prime factors of 3445.
5, 13, 53
What are the prime factors of 18423?
3, 23, 89
What are the prime factors of 62948?
2, 15737
What are the prime factors of 9240?
2, 3, 5, 7, 11
List the prime factors of 64846.
2, 32423
List the prime factors of 9632.
2, 7, 43
List the prime factors of 13908.
2, 3, 19, 61
What are the prime factors of 19107?
3, 11, 193
List the prime factors of 14319.
3, 37, 43
What are the prime factors of 37789?
23, 31, 53
What are the prime factors of 5422?
2, 2711
What are the prime factors of 321?
3, 107
What are the prime factors of 17773?
7, 2539
List the prime factors of 32406.
2, 3, 11, 491
List the prime factors of 1028.
2, 257
List the prime factors of 2382.
2, 3, 397
List the prime factors of 4640.
2, 5, 29
What are the prime factors of 1696?
2, 53
What are the prime factors of 1515?
3, 5, 101
List the prime factors of 17029.
17029
What are the prime factors of 753?
3, 251
What are the prime factors of 1997?
1997
What are the prime factors of 10175?
5, 11, 37
List the prime factors of 1621.
1621
List the prime factors of 1924.
2, 13, 37
What are the prime factors of 4115?
5, 823
List the prime factors of 2265.
3, 5, 151
List the prime factors of 85287.
3, 28429
What are the prime factors of 5456?
2, 11, 31
What are the prime factors of 2003?
2003
List the prime factors of 1307.
1307
List the prime factors of 1531.
1531
What are the prime factors of 136?
2, 17
What are the prime factors of 720?
2, 3, 5
What are the prime factors of 1946?
2, 7, 139
List the prime factors of 38868.
2, 3, 41, 79
What are the prime factors of 34916?
2, 7, 29, 43
List the prime factors of 1073.
29, 37
List the prime factors of 21596.
2, 5399
List the prime factors of 438.
2, 3, 73
What are the prime factors of 4427?
19, 233
List the prime factors of 258.
2, 3, 43
What are the prime factors of 1228?
2, 307
List the prime factors of 2749.
2749
What are the prime factors of 122773?
7, 17539
What are the prime factors of 860?
2, 5, 43
What are the prime factors of 75493?
11, 6863
What are the prime factors of 72376?
2, 83, 109
What are the prime factors of 143?
11, 13
List the prime factors of 65363.
163, 401
What are the prime factors of 1503?
3, 167
List the prime factors of 10685.
5, 2137
List the prime fact